culate the greatest common divisor of 51 and h.
17
Let k be 1/(-4) + 21/4. Suppose 0 = 4*j - 752 - 904. Let t be j/27 + (-1)/3. What is the greatest common factor of t and k?
5
Let n(y) = 41*y + 4. Let i be n(1). Calculate the highest common factor of i and 5.
5
Suppose 5*i = 37 + 128. What is the greatest common divisor of 22 and i?
11
Suppose 0 = l - 2*f - f - 7, 4*l + 2*f - 28 = 0. Let z(b) = 23*b - 4. Let h be z(-4). Let t = 159 + h. What is the greatest common factor of l and t?
7
Let t(m) = m + 4. Let v be t(7). Calculate the highest common divisor of v and 121.
11
Let v be (3/(-9))/((-3)/117). Let q(y) = y**3 - 9*y**2 - 6*y - 1. Let t be q(10). What is the highest common factor of v and t?
13
Let x be (-6)/21 - 1348/(-14). Calculate the highest common factor of x and 16.
16
Let m(s) be the second derivative of 0*s**2 - 11/6*s**3 - 1/20*s**5 + 0 - 11/12*s**4 - 3*s. Let a be m(-10). What is the highest common divisor of 30 and a?
10
Suppose 13 + 7 = 4*c. What is the highest common factor of c and 40?
5
Let y = 3 - 0. Let c = 4 - -41. Suppose -4*p - 3*t = -8*t - 111, 2*p + t - c = 0. Calculate the greatest common divisor of p and y.
3
Let o be (-2 - 57/(-6))*16. What is the greatest common factor of o and 15?
15
Let t(c) = c**2 + 7*c + 1. Let k be t(-8). Let y be ((-8)/(-3))/(2/k). Calculate the greatest common factor of y and 60.
12
Let d be ((-6)/8)/(2/(-8)). Suppose 2*i - 25 = -d*i. Suppose 42*o - 20 = 38*o. What is the greatest common divisor of o and i?
5
Suppose 2*c + 1800 = 11*c. Let t = 70 + -45. Calculate the greatest common factor of c and t.
25
Let o = -2 - -71. Suppose -6*b + 50 = -88. Calculate the greatest common factor of o and b.
23
Suppose -3*d + 2*d = -10. Let g = 49 + 1. Calculate the highest common divisor of g and d.
10
Let u(m) = -20*m - 6. Let l be u(6). Let n be (1/3)/((-3)/l). Let q = 14 - 0. Calculate the greatest common divisor of q and n.
14
Suppose 0 = s - 2*s + 3. Suppose -3*i - u = -4*u - 21, -5*i + 5 = u. Suppose i*o = o + 9. Calculate the greatest common factor of o and s.
3
Let n be ((-15)/(-6))/((-2)/(-244)). Let g = -339 - -122. Let v = g + n. Calculate the greatest common factor of v and 11.
11
Let o(h) = 6*h + 20. Let t be o(10). Calculate the greatest common divisor of 10 and t.
10
Let o be (6/(-5))/((-351)/(-120) + -3). Calculate the highest common divisor of 112 and o.
16
Let u(n) = n**2 + 6*n - 9. Let b be u(-8). Let p = -33 + 53. Let v = p + -13. Calculate the highest common factor of v and b.
7
Let b(n) = -n**3 + 3*n**2 + 2*n - 2. Let f be b(2). Let l = -7 - -13. Calculate the highest common divisor of l and f.
6
Let f be 0/(1 + -2 + 2). Suppose -4*u + 13 + 3 = f. Calculate the greatest common divisor of 10 and u.
2
Let t(h) = -h**3 - 18*h**2 - 19*h - 12. Let q be t(-17). Calculate the greatest common divisor of q and 44.
22
Suppose 0*y + y - 38 = -2*x, 38 = 2*x - 2*y. Suppose 3*s - 4*i = 27 + 22, -4*s + 66 = -5*i. What is the highest common divisor of s and x?
19
Let g = 0 + 0. Suppose -m + 3*m = 5*t - 88, t - 2*m - 24 = g. Calculate the greatest common factor of t and 128.
16
Let v be 6 + 1*-2 + -1. Suppose -2*k - 1 = -v. Let u be -2 + (-2)/(-1) + k. What is the highest common factor of u and 8?
1
Suppose 40 = -5*k + 10*k. Let p(w) = 0 + 4 - 5 - 6 + 14*w. Let y be p(k). What is the greatest common divisor of y and 15?
15
Let o be (-842)/(-10) - (-13)/(-65). Calculate the highest common divisor of o and 12.
12
Let w(d) = -7 + 3*d + 5 + 4*d - d. Let y be w(6). Suppose -2*z + 41 - 7 = 0. Calculate the highest common divisor of y and z.
17
Let a = -10 + 27. Calculate the greatest common factor of 17 and a.
17
Let u(d) = d - 6. Let b(t) = -3. Let s(r) = -9*b(r) + 4*u(r). Let p be s(-6). Let k = -1 - p. What is the greatest common factor of k and 10?
10
Suppose 4*v - 25 = -v + 5*c, 3*c + 14 = 2*v. Suppose 29 = 5*w - v. Suppose -2*j = -2 - 22. Calculate the greatest common factor of w and j.
6
Suppose 2*d = v - 90, -3*d = -v - 0*d + 95. Suppose -5*z + v = 10. Let r = z - 4. What is the highest common factor of 30 and r?
10
Let g(l) = -46*l**2 + l. Let m be g(-1). Let b = 3 - m. What is the greatest common factor of b and 10?
10
Let a(z) = 4*z**2. Let f be a(2). Let x = -29 - -173. Calculate the highest common divisor of x and f.
16
Let n = 53 + -23. Let w be 5/(-2*3/(-54)). What is the greatest common factor of n and w?
15
Let r = -13 - -8. Let b = r - -9. Let n = 5 - b. What is the highest common divisor of n and 3?
1
Let w be 3/(-12) + 86/(-8). Let y be w*(0 + 1)*-1. Suppose 2*z - 5*o - 64 = 0, 4*z + 6*o = o + 68. What is the highest common factor of y and z?
11
Let a = -6 - -20. What is the greatest common factor of a and 2?
2
Suppose -5*s = 2*t - 6, -3*s + 2 + 1 = t. Suppose 6 = 5*r - 9. Suppose s*u - r*u = -330. Calculate the greatest common factor of 44 and u.
22
Let q = -5 + 4. Let p(f) = -10*f**3 - f**2 - f - 1. Let w be p(q). What is the greatest common factor of w and 1?
1
Suppose 0*x - 5*x - 3*u + 229 = 0, 5*x - 4*u - 208 = 0. What is the highest common factor of 22 and x?
22
Let v(b) = b**3 + 3*b**2 - 3*b + 2. Let r be v(-3). What is the highest common divisor of 1 and r?
1
Let b(c) = c**3 - c**2 + 2. Let j be b(0). Suppose -4*g = -j*f + 92, -5*f + g - 6*g = -215. Suppose n + f = 5*n. What is the greatest common factor of n and 22?
11
Let q be ((-3)/4)/((-1)/4). Suppose -5*o = -4*o - q. Let u be 10 - (1 + (2 - o)). What is the greatest common divisor of 40 and u?
10
Suppose 0 = -4*k - 1 + 5. Let d be 4*k/((-4)/(-70)). What is the highest common factor of 14 and d?
14
Let q(y) = y**2 - 12*y + 4. Let h be q(6). Let w = h + 46. What is the greatest common divisor of 14 and w?
14
Suppose -2*s = -0 - 6. Suppose s*v + 0*v - 18 = 0. Let d be 22/4*v/3. Calculate the greatest common divisor of d and 1.
1
Suppose 280 = -2*s + 7*s. Suppose 0*t = -3*t - 3*n + 24, -2*n = -4*t + s. Let a be 70/6 + 2/6. Calculate the greatest common factor of t and a.
12
Suppose -j - 4*s = -8, 6*j = 4*j - 5*s + 16. Suppose -5*p + 4*i = -276, -p - 5*i = -3*p + 107. What is the highest common divisor of p and j?
8
Let u be 16*(-1 + (4 - 1)). What is the greatest common divisor of u and 8?
8
Suppose 0*n - 3*q + 8 = 2*n, -3*n - q + 19 = 0. Let r = 33 - n. Calculate the greatest common divisor of 65 and r.
13
Let b(h) = -10*h + 2. Let d be b(-5). Let r = -35 + d. Calculate the greatest common divisor of 136 and r.
17
Suppose 2*d - 18 = -5*h, -h - 1 = -0*h + 5*d. Suppose g = -f + 9, h*g - 24 = -0*g + 2*f. What is the highest common divisor of 63 and g?
7
Suppose -p + 3*q + 47 = 0, p + 0*p + 3*q = 53. Let f = 425 - 420. Calculate the greatest common factor of f and p.
5
Let l = 161 + -96. Calculate the highest common factor of 39 and l.
13
Let b be (7 - 3)*81/(-12). Let m = -3 - b. What is the greatest common factor of m and 264?
24
Let f(w) = w**3 - 5*w**2 + 3. Let n be f(5). Let b = 5 - n. Calculate the highest common factor of b and 1.
1
Suppose -4 - 1 = 5*y, 0 = 4*p - 5*y + 7. Let t be (p - -15) + (-3 - -2). Calculate the highest common divisor of t and 99.
11
Let q = 23 + -15. Let p(o) = -o - 1. Let y be p(0). Let a = q - y. What is the highest common factor of 81 and a?
9
Let t(o) = o**2 + 7*o - 4. Let u be t(-8). Suppose -334 = -u*i + 2*z, -3*i - 3*z - z = -256. What is the highest common factor of 12 and i?
12
Let b be (-2 - (-2)/1)/3. Suppose 3*c + 0*c + 3*o + 3 = b, -1 = -2*c - o. Let i be (c/(-4))/((-5)/160). Calculate the highest common divisor of i and 48.
16
Suppose 4*m + s - 31 = 2*m, -4*s - 68 = -4*m. Calculate the highest common factor of m and 80.
16
Let u(j) = -j**2 + 7*j + 9. Suppose 3 = -3*p, -x + 5*p = 2*x - 26. Let g be u(x). Calculate the highest common factor of g and 1.
1
Let x be (5 + -8)/(6/(-4)). Let g be (x + -14)/(-3) + 0. Calculate the highest common factor of g and 2.
2
Suppose 0*n - 5*n = -50. Suppose -5*p - n = -6*p. What is the highest common factor of p and 10?
10
Suppose 7*m = 17*m - 30. Let x(t) = -t**2 + t + 15. Let l be x(0). Calculate the highest common factor of l and m.
3
Let y(u) = -8*u - 5. Let j be y(-2). Suppose 0 = -4*o + 151 + 1609. Suppose -h = 4*h - o. Calculate the greatest common factor of h and j.
11
Suppose -6 = -x + 3*x. Let b be (x/(-2))/((-15)/(-20)). Suppose 0 = 3